et x be t(-5). What is the greatest common factor of x and l?
4
Let w = -14 + 25. Let f = w - -5. Suppose 2 = m - f. Calculate the greatest common factor of m and 126.
18
Suppose -16 = -4*k - 4. Suppose -a = -k*a + 120. Suppose -5*l - m = -98, 8*l - 3*l - 104 = 2*m. What is the greatest common divisor of a and l?
20
Suppose 0*r = 3*r - 27. Let i be (-48)/r*-3 - 1. What is the highest common factor of 105 and i?
15
Suppose -l + 2 = 24. Let u = 43 + l. What is the highest common factor of u and 21?
21
Let x(s) = -s + 6. Let z be x(-6). Let v = z + -7. Suppose v*d - 1540 = d. Calculate the highest common divisor of 35 and d.
35
Suppose 44 = s - 5*z - 40, 0 = -z. Let l(o) = o**3 + 8*o**2 - 3*o + 7. Let y be l(-8). Suppose 5*g - y = 74. What is the greatest common divisor of g and s?
21
Let t = 276 + -188. Suppose 0 = 5*b - 4*b - t. Calculate the highest common divisor of b and 11.
11
Let p = 6 - 3. Suppose -p*c = v - 47, -3*v + 51 = 2*c + c. Let f = 65 + c. Calculate the highest common divisor of f and 10.
10
Let s be (-3 + 4)*2*15. Let z be -4 + -4 + 11 + -3. Let j be (z - -18)/(39/26). Calculate the greatest common divisor of j and s.
6
Suppose -5*j - 4*g + 3 = 0, 0*g - 5*g + 10 = 0. Let l = -4 + j. Let m be (l - (3 + -5))/(-1). What is the highest common factor of m and 24?
3
Suppose 0 = -4*m + 4*v + 396, 15*m - 20*m + 2*v + 495 = 0. What is the greatest common divisor of m and 171?
9
Let d(z) = -z**3 - 2*z**2 + 5*z + 38. Let x be d(-5). What is the greatest common factor of 209 and x?
11
Let n = 185 + 148. Let j = n - 186. What is the highest common divisor of j and 21?
21
Let v = 470 + -301. What is the greatest common factor of 65 and v?
13
Let a = -9 + 11. Suppose 11*n - 2*n = 36. What is the greatest common divisor of a and n?
2
Suppose 0 = 4*b + 5*w - 219, 6*w = 2*b + 3*w - 93. Suppose 0*u = 2*u - 34. Calculate the highest common factor of u and b.
17
Suppose 60 = 2*p - 0*p + 4*d, 2*d - 90 = -4*p. Suppose -a + 5*v - 20 - 4 = 0, 4*v - p = 0. Let i = 12 + a. Calculate the highest common factor of 117 and i.
13
Suppose 102 = 4*f - 198. Calculate the greatest common divisor of f and 250.
25
Let k be 1/(-2)*-55*4. Let l be 1140/(-1520) + -1 + (-94)/(-8). What is the greatest common factor of k and l?
10
Let b = -16 - 0. Let q = b - -27. What is the greatest common divisor of 154 and q?
11
Let d = 27 - -50. Let s = d - 2. Calculate the greatest common factor of s and 30.
15
Suppose 0 = 3*s - 5*s + 8. Suppose -3*n - 1 = -4*p, -4*n = 5*p - 8*p - 1. What is the highest common factor of n and s?
1
Let m(i) = 4*i**2 - 2*i + 7. Let f be m(-3). Suppose -g + 4*g - 4*x = 36, 5*x = 4*g - f. What is the highest common factor of g and 176?
16
Let x(s) = 11*s**2 - 9*s - 8 + 14 + 8. Let h be x(4). What is the greatest common divisor of h and 14?
14
Suppose 6*j + 2474 - 7550 = 0. Calculate the highest common factor of 36 and j.
18
Let m(b) = -70*b**3 + b**2 - b - 1. Let z be m(-1). Suppose -z - 167 = -2*k. Let o = 175 + -158. Calculate the greatest common factor of k and o.
17
Suppose 3*w - 48 = 3*a, -4*w = 2*a + 11 - 45. Let p = w - 7. Let t be 5/(1/36*p). What is the highest common factor of t and 15?
15
Let i be (-4)/2*6/(-4). Let b be (0*(-3)/6)/(-1). Suppose -2*t + 31 = 2*n + t, -5*n + i*t + 67 = b. Calculate the highest common factor of n and 14.
14
Let h(w) = 3*w - 1. Let p be h(5). Suppose -4*j - 2*n - 38 + 168 = 0, 2*j - 75 = -3*n. Let y = j + 12. Calculate the highest common divisor of y and p.
14
Let w be 3 + (1 - 4) - 0. Let t be 123 - -4 - (3 - w). Suppose -s = -t + 3. What is the highest common factor of s and 11?
11
Suppose 2*r + 2*q = -2*r - 394, -5*q = r + 76. Let u = -30 - r. Let p = u - 51. What is the highest common factor of p and 5?
5
Let c = 192 + -159. Calculate the greatest common factor of c and 33.
33
Let g = -3 + 11. Suppose g = 2*h - h. Suppose h = -4*k, u - 4*k + 1 = 12. What is the highest common divisor of 24 and u?
3
Let i(c) = -6*c - 21. Let n be i(-5). Calculate the highest common factor of 171 and n.
9
Let f be 19/5*(80 + -35). What is the highest common factor of 9 and f?
9
Let o = 200 + -188. Let d be 36/(2*(2 - 14/8)). Calculate the greatest common factor of o and d.
12
Let b be (-9)/(-6) - (-3)/(-2). Suppose 2*k + o - 24 = b, 5*o + 2 + 18 = 4*k. Let m be (-10)/8 + (-13505)/(-148). What is the highest common factor of k and m?
10
Let g be (-2046)/(-9) + (10/3)/5. Calculate the greatest common factor of g and 84.
12
Suppose -3*n = -3*j - 21, 6 = -3*j - 3. Let c = 56 + 32. Let t = c + -48. Calculate the greatest common divisor of t and n.
4
Let u(f) = 24*f + 10 - 50*f + 25*f + 8. Let b be u(10). Calculate the highest common factor of b and 64.
8
Suppose s - 2*k + 3 = -5, 4*s = -4*k + 28. Suppose 5*j = 4*y + 46, 2*j + 4*y - 8 = -s*j. Calculate the highest common divisor of j and 24.
6
Suppose 1 = -h + 4*q, -9 - 38 = -3*h + 2*q. What is the highest common factor of h and 437?
19
Suppose 0*k + 5*k = 95. Let h = 80 - 156. Let u be (h/5)/((-2)/10). Calculate the greatest common divisor of k and u.
19
Let f be 2*54/4 - -1. Suppose 24 = h + 3*h. Suppose a - h*a = -2*v - 6, -3*v + 41 = 5*a. What is the greatest common divisor of v and f?
7
Let y(q) = -q**2 + 42*q - 206. Let k be y(36). What is the greatest common divisor of 210 and k?
10
Let h = -1235 - -1235. Let f(q) = 4*q + 57. Let w(z) = -4*z - 58. Let k(u) = -2*f(u) - 3*w(u). Let j be k(h). Calculate the greatest common factor of j and 12.
12
Let l be 105/2*30/9. Calculate the highest common divisor of l and 140.
35
Let g = 545 + -509. What is the highest common divisor of 8 and g?
4
Let m = -14 - -14. Suppose -d = -h - 18, d + h - 4 - 6 = m. Let o(a) = a**3 + 6*a**2 - 5*a + 5. Let y be o(-6). Calculate the highest common factor of y and d.
7
Let a(j) be the first derivative of 3*j**2 + 2*j - 40. Let i be a(4). Calculate the greatest common divisor of 286 and i.
26
Suppose -4*b + 85 = 5*v - 253, v - 5*b - 56 = 0. Calculate the greatest common divisor of v and 108.
6
Let a(o) = -5*o - 4 + 6*o**2 + 4*o - 5*o**2. Let u be a(3). Let y = 2 + u. Calculate the highest common factor of 8 and y.
4
Suppose -3*a + 2*a = -16. Let x(h) = h**3 - 15*h**2 - 14*h + 34. Let j be x(a). What is the greatest common factor of 22 and j?
22
Let f(s) = s**2 + 7. Let y be f(0). Let u = y - 6. Let z be (18/(-9))/((-3)/((-6)/(-4))). What is the highest common divisor of u and z?
1
Suppose 0 = -8*h + 4*h + 3*i + 96, -5*i - 125 = -5*h. What is the highest common factor of 399 and h?
21
Suppose i - 1235 = -18*i. Let j be (116/(-16) - -7) + i/4. What is the greatest common divisor of j and 64?
16
Suppose -3*v = -7*v + 496. Calculate the highest common divisor of 93 and v.
31
Let w be 4/(-12)*0 - -10. Let j = -441 - -641. Suppose 0 = s + 3*s - j. What is the greatest common factor of w and s?
10
Let m(x) = 2*x + 12. Let r be m(-7). Let j(l) = 127*l - 3. Let k be j(r). Let i = -180 - k. What is the greatest common divisor of 7 and i?
7
Let p = 145 + -97. Calculate the greatest common factor of p and 60.
12
Let u(s) = -7*s**3 + 4*s**2 + 6*s - 2. Let w be u(-4). Calculate the highest common factor of 108 and w.
54
Let g(k) = 48*k**2 - 18*k + 19. Let j be g(4). What is the highest common factor of 20 and j?
5
Suppose 0*i - 4*i = -16. Let a be 3/(i/((-20)/(-3))). Suppose 230 = 7*g - a*g. Calculate the greatest common divisor of 46 and g.
23
Let k = -45 + 84. Calculate the greatest common divisor of k and 13.
13
Suppose 2*x - x = 4. Let o be 2 - x/(3 - -1). Let h(g) = 82*g - 1. Let v be h(o). What is the highest common factor of v and 9?
9
Let i(x) = -72*x. Let f be i(-3). Calculate the highest common divisor of f and 1368.
72
Let a(o) = 2*o**3 - 9*o**2 - 8*o - 9. Let w be a(7). What is the highest common factor of w and 240?
60
Suppose -5*r - 101 = -111. Suppose -3*j + 30 = 2*d + d, 2*d - r*j = 24. Calculate the greatest common factor of d and 176.
11
Let b(y) = 347*y - 49. Let c be b(2). What is the greatest common factor of 30 and c?
15
Suppose -3*u + 0*u = -9. Let c(m) = -2*m + 5. Let s be ((-2)/3)/(((-8)/6)/(-4)). Let k be c(s). Calculate the highest common divisor of k and u.
3
Suppose 6*x + 36*x - 168 = 0. Suppose -3*b + 0*b = -180. Let a = -40 + b. Calculate the greatest common factor of a and x.
4
Le